{"id":151,"date":"2025-11-30T17:03:41","date_gmt":"2025-11-30T17:03:41","guid":{"rendered":"https:\/\/redovnistvo.org\/?page_id=151"},"modified":"2025-12-01T15:08:52","modified_gmt":"2025-12-01T15:08:52","slug":"podatci-o-dozivotno-svecano-zavjetovanim-clanovima-2025","status":"publish","type":"page","link":"https:\/\/redovnistvo.org\/?page_id=151","title":{"rendered":"Podatci o do\u017eivotno (sve\u010dano) zavjetovanim \u010dlanovima (2025.)"},"content":{"rendered":"\t\t<div data-elementor-type=\"wp-post\" data-elementor-id=\"151\" class=\"elementor elementor-151\">\n\t\t\t\t<div class=\"elementor-element elementor-element-ea0bf22 e-flex e-con-boxed e-con e-parent\" data-id=\"ea0bf22\" data-element_type=\"container\">\n\t\t\t\t\t<div class=\"e-con-inner\">\n\t\t\t\t<div class=\"elementor-element elementor-element-b8ae7fb elementor-widget elementor-widget-image\" data-id=\"b8ae7fb\" data-element_type=\"widget\" data-widget_type=\"image.default\">\n\t\t\t\t\t\t\t\t\t\t\t\t\t\t\t<img fetchpriority=\"high\" decoding=\"async\" width=\"2000\" height=\"604\" src=\"https:\/\/redovnistvo.org\/wp-content\/uploads\/2025\/11\/Logo_HKVRPP-2.jpg\" class=\"attachment-full size-full wp-image-23\" alt=\"\" srcset=\"https:\/\/redovnistvo.org\/wp-content\/uploads\/2025\/11\/Logo_HKVRPP-2.jpg 2000w, https:\/\/redovnistvo.org\/wp-content\/uploads\/2025\/11\/Logo_HKVRPP-2-300x91.jpg 300w, https:\/\/redovnistvo.org\/wp-content\/uploads\/2025\/11\/Logo_HKVRPP-2-1024x309.jpg 1024w, https:\/\/redovnistvo.org\/wp-content\/uploads\/2025\/11\/Logo_HKVRPP-2-768x232.jpg 768w, https:\/\/redovnistvo.org\/wp-content\/uploads\/2025\/11\/Logo_HKVRPP-2-1536x464.jpg 1536w\" sizes=\"(max-width: 2000px) 100vw, 2000px\" \/>\t\t\t\t\t\t\t\t\t\t\t\t\t\t\t<\/div>\n\t\t\t\t\t<\/div>\n\t\t\t\t<\/div>\n\t\t<div class=\"elementor-element elementor-element-dd8d29e e-flex e-con-boxed e-con e-parent\" data-id=\"dd8d29e\" data-element_type=\"container\">\n\t\t\t\t\t<div class=\"e-con-inner\">\n\t\t\t\t<div class=\"elementor-element elementor-element-aad2079 elementor-widget elementor-widget-heading\" data-id=\"aad2079\" data-element_type=\"widget\" data-widget_type=\"heading.default\">\n\t\t\t\t\t<h2 class=\"elementor-heading-title elementor-size-default\">Podatci o do\u017eivotno (sve\u010dano) zavjetovanim \u010dlanovima (2025.)<\/h2>\t\t\t\t<\/div>\n\t\t\t\t<div class=\"elementor-element elementor-element-17a9cc8 elementor-widget elementor-widget-text-editor\" data-id=\"17a9cc8\" data-element_type=\"widget\" data-widget_type=\"text-editor.default\">\n\t\t\t\t\t\t\t\t\t<p>Prijavni obrazac se \u0161alje po jedan za svakog \u010dlana\/icu koji su polo\u017eili do\u017eivotne (sve\u010dane) zavjete u 2025. godini. <strong>Ako va\u0161a zajednica ima vi\u0161e do\u017eivotno (sve\u010dano) zavjetovanih \u010dlanova u 2025. godini, nakon slanja obrasca <a href=\"https:\/\/redovnistvo.org\/?page_id=151\">KLIKNITE OVDJE<\/a> i po\u0161aljite obrazac za sljede\u0107eg \u010dlana, itd.<\/strong><\/p><p>Nakon \u0161to ispunite i po\u0161aljete obrazac sadr\u017eaj prijave bit \u0107e Vam poslan na e-mail adresu koju ste upisali.\u00a0<\/p>\t\t\t\t\t\t\t\t<\/div>\n\t\t\t\t\t<\/div>\n\t\t\t\t<\/div>\n\t\t<div class=\"elementor-element elementor-element-a4d55a0 e-flex e-con-boxed e-con e-parent\" data-id=\"a4d55a0\" data-element_type=\"container\">\n\t\t\t\t\t<div class=\"e-con-inner\">\n\t\t\t\t<div class=\"elementor-element elementor-element-913fafa elementor-widget elementor-widget-heading\" data-id=\"913fafa\" data-element_type=\"widget\" data-widget_type=\"heading.default\">\n\t\t\t\t\t<h3 class=\"elementor-heading-title elementor-size-default\">Prijavni obrazac<\/h3>\t\t\t\t<\/div>\n\t\t\t\t<div class=\"elementor-element elementor-element-86c5d51 elementor-widget elementor-widget-wpforms\" data-id=\"86c5d51\" data-element_type=\"widget\" data-widget_type=\"wpforms.default\">\n\t\t\t\t<div class=\"elementor-widget-container\">\n\t\t\t\t\t<style id=\"wpforms-css-vars-root\">\n\t\t\t\t:root {\n\t\t\t\t\t--wpforms-field-border-radius: 3px;\n--wpforms-field-border-style: solid;\n--wpforms-field-border-size: 1px;\n--wpforms-field-background-color: #ffffff;\n--wpforms-field-border-color: rgba( 0, 0, 0, 0.25 );\n--wpforms-field-border-color-spare: rgba( 0, 0, 0, 0.25 );\n--wpforms-field-text-color: rgba( 0, 0, 0, 0.7 );\n--wpforms-field-menu-color: #ffffff;\n--wpforms-label-color: rgba( 0, 0, 0, 0.85 );\n--wpforms-label-sublabel-color: rgba( 0, 0, 0, 0.55 );\n--wpforms-label-error-color: #d63637;\n--wpforms-button-border-radius: 3px;\n--wpforms-button-border-style: none;\n--wpforms-button-border-size: 1px;\n--wpforms-button-background-color: #066aab;\n--wpforms-button-border-color: #066aab;\n--wpforms-button-text-color: #ffffff;\n--wpforms-page-break-color: #066aab;\n--wpforms-background-image: none;\n--wpforms-background-position: center center;\n--wpforms-background-repeat: no-repeat;\n--wpforms-background-size: cover;\n--wpforms-background-width: 100px;\n--wpforms-background-height: 100px;\n--wpforms-background-color: rgba( 0, 0, 0, 0 );\n--wpforms-background-url: none;\n--wpforms-container-padding: 0px;\n--wpforms-container-border-style: none;\n--wpforms-container-border-width: 1px;\n--wpforms-container-border-color: #000000;\n--wpforms-container-border-radius: 3px;\n--wpforms-field-size-input-height: 43px;\n--wpforms-field-size-input-spacing: 15px;\n--wpforms-field-size-font-size: 16px;\n--wpforms-field-size-line-height: 19px;\n--wpforms-field-size-padding-h: 14px;\n--wpforms-field-size-checkbox-size: 16px;\n--wpforms-field-size-sublabel-spacing: 5px;\n--wpforms-field-size-icon-size: 1;\n--wpforms-label-size-font-size: 16px;\n--wpforms-label-size-line-height: 19px;\n--wpforms-label-size-sublabel-font-size: 14px;\n--wpforms-label-size-sublabel-line-height: 17px;\n--wpforms-button-size-font-size: 17px;\n--wpforms-button-size-height: 41px;\n--wpforms-button-size-padding-h: 15px;\n--wpforms-button-size-margin-top: 10px;\n--wpforms-container-shadow-size-box-shadow: none;\n\n\t\t\t\t}\n\t\t\t<\/style><style id=\"wpforms-css-vars-elementor-widget-86c5d51\">\n\t\t\t\t.elementor-widget-wpforms.elementor-element-86c5d51 {\n\t\t\t\t\t--wpforms-field-size-input-height: 43px;\n--wpforms-field-size-input-spacing: 15px;\n--wpforms-field-size-font-size: 16px;\n--wpforms-field-size-line-height: 19px;\n--wpforms-field-size-padding-h: 14px;\n--wpforms-field-size-checkbox-size: 16px;\n--wpforms-field-size-sublabel-spacing: 5px;\n--wpforms-field-size-icon-size: 1;\n--wpforms-label-size-font-size: 16px;\n--wpforms-label-size-line-height: 19px;\n--wpforms-label-size-sublabel-font-size: 14px;\n--wpforms-label-size-sublabel-line-height: 17px;\n--wpforms-button-size-font-size: 17px;\n--wpforms-button-size-height: 41px;\n--wpforms-button-size-padding-h: 15px;\n--wpforms-button-size-margin-top: 10px;\n\n\t\t\t\t}\n\t\t\t<\/style><div class=\"wpforms-container wpforms-container-full wpforms-render-modern\" id=\"wpforms-146\"><form id=\"wpforms-form-146\" class=\"wpforms-validate wpforms-form wpforms-ajax-form\" data-formid=\"146\" method=\"post\" enctype=\"multipart\/form-data\" action=\"\/index.php?rest_route=%2Fwp%2Fv2%2Fpages%2F151&#038;wpforms_form_id=146\" data-token=\"725d3de10f3b179f7f908be8bbba3f0a\" data-token-time=\"1776280122\"><noscript class=\"wpforms-error-noscript\">Please enable JavaScript in your browser to complete this form.<\/noscript><div class=\"wpforms-hidden\" id=\"wpforms-error-noscript\">Please enable JavaScript in your browser to complete this form.<\/div><div class=\"wpforms-field-container\"><div id=\"wpforms-146-field_3-container\" class=\"wpforms-field wpforms-field-email\" data-field-id=\"3\"><label class=\"wpforms-field-label\" for=\"wpforms-146-field_3\">E-mail <span class=\"wpforms-required-label\" aria-hidden=\"true\">*<\/span><\/label><input type=\"email\" id=\"wpforms-146-field_3\" class=\"wpforms-field-medium wpforms-field-required\" name=\"wpforms[fields][3]\" spellcheck=\"false\" aria-errormessage=\"wpforms-146-field_3-error\" required><\/div><div id=\"wpforms-146-field_12-container\" class=\"wpforms-field wpforms-field-select wpforms-field-select-style-modern\" data-field-id=\"12\"><label class=\"wpforms-field-label\" for=\"wpforms-146-field_12\">Ime redovni\u010dke zajednice\/provincije <span class=\"wpforms-required-label\" aria-hidden=\"true\">*<\/span><\/label><select id=\"wpforms-146-field_12\" class=\"wpforms-field-medium wpforms-field-required choicesjs-select\" data-size-class=\"wpforms-field-row wpforms-field-medium\" data-search-enabled=\"1\" name=\"wpforms[fields][12]\" required=\"required\"><option value=\"\" class=\"placeholder\" disabled  selected='selected'>Odaberite ime redovni\u010dke zajednice\/provincije\/uprave<\/option><option value=\"OSBM\" >Bazilijanke<\/option><option value=\"OP (Dominikanke)\" >Dominikanke<\/option><option value=\"SFMA\" >Franjevke misionarke iz Asiza<\/option><option value=\"FI\" >Franjevke od Bezgrje\u0161ne<\/option><option value=\"FIC_DU\" >Franjevke od Bezgrje\u0161nog Za\u010de\u0107a iz Dubrovnika<\/option><option value=\"CDCJ\" >Karmeli\u0107anke Bo\u017eanskog Srca Isusova<\/option><option value=\"FDC\" >K\u0107eri Bo\u017eje ljubavi<\/option><option value=\"CFM\" >K\u0107eri Milosr\u0111a TSR sv. Franje<\/option><option value=\"ASC\" >Klanjateljice Krvi Kristove<\/option><option value=\"MSMM\" >Marijine sestre \u010dudotvorne medaljice<\/option><option value=\"SCSC\" >Milosrdne sestre sv. Kri\u017ea<\/option><option value=\"MVZ_VU\" >Milosrdnice sv. Vinka Paulskoga, vrhovna uprava<\/option><option value=\"MVZ_RI\" >Milosrdnice sv. Vinka Paulskoga, Rije\u010dka provincija<\/option><option value=\"MVZ_ST\" >Milosrdnice sv. Vinka Paulskoga, Splitska provincija<\/option><option value=\"MVZ_ZG\" >Milosrdnice sv. Vinka Paulskoga, Zagreba\u010dka provincija<\/option><option value=\"SRM\" >Sestre Kraljice svijeta<\/option><option value=\"DSNG\" >Sestre Na\u0161e Gospe<\/option><option value=\"SCJ\" >Sestre Presvetog Srca Isusova<\/option><option value=\"SMI_VU\" >Slu\u017eavke Malog Isusa, vrhovna uprava<\/option><option value=\"SMI_ST\" >Slu\u017eavke Malog Isusa, Splitska provincija<\/option><option value=\"SMI_ZG\" >Slu\u017eavke Malog Isusa, Zagreba\u010dka provincija<\/option><option value=\"AdC\" >Slu\u017ebenice milosr\u0111a<\/option><option value=\"SSFCR_ST\" >\u0160kolske sestre franjevke Krista Kralja (Split)<\/option><option value=\"OSU\" >Ur\u0161ulinke<\/option><option value=\"OSVM\" >Vasilijanke<\/option><option value=\"\u017dupske sestre u Istri\" >\u017dupske sestre u Istri<\/option><option value=\"BIMS\" >Bratstvo malih Isusovih sestara<\/option><option value=\"FIC_CG\" >Franjevke Bezgrje\u0161nog Za\u010de\u0107a (CG)<\/option><option value=\"FCC\" >K\u0107eri kr\u0161\u0107anske ljubavi<\/option><option value=\"FMA\" >K\u0107eri Marije Pomo\u0107nice, Slovensko-hrvatska provincija<\/option><option value=\"Misionarke ljubavi\" >Misionarke ljubavi<\/option><option value=\"Sestre Milosrdnog Isusa\" >Sestre Milosrdnog Isusa<\/option><option value=\"SMI_SA\" >Slu\u017eavke Malog Isusa, Sarajevska provincija<\/option><option value=\"SSFCR_MO\" >\u0160kolske sestre franjevke, Mostarska provincija<\/option><option value=\"SSFCR_SA\" >\u0160kolske sestre franjevke, Bosansko-hrvatska provincija<\/option><option value=\"SC\" >Slu\u017eavke Kristove<\/option><option value=\"Benediktinke \u2013 Cres\" >Benediktinke \u2013 Cres<\/option><option value=\"Benediktinke \u2013 Hvar\" >Benediktinke \u2013 Hvar<\/option><option value=\"Benediktinke \u2013 Krk\" >Benediktinke \u2013 Krk<\/option><option value=\"Benediktinke \u2013 Pag\" >Benediktinke \u2013 Pag<\/option><option value=\"Benediktinke \u2013 Rab\" >Benediktinke \u2013 Rab<\/option><option value=\"Benediktinke \u2013 \u0160ibenik\" >Benediktinke \u2013 \u0160ibenik<\/option><option value=\"Benediktinke \u2013 Trogir\" >Benediktinke \u2013 Trogir<\/option><option value=\"Benediktinke \u2013 Zadar\" >Benediktinke \u2013 Zadar<\/option><option value=\"Karmeli\u0107anke \u2013 Brezovica\" >Karmeli\u0107anke \u2013 Brezovica<\/option><option value=\"Karmeli\u0107anke \u2013 Klo\u0161tar Ivani\u0107\" >Karmeli\u0107anke \u2013 Klo\u0161tar Ivani\u0107<\/option><option value=\"Karmeli\u0107anke \u2013 Levanjska Varo\u0161\" >Karmeli\u0107anke \u2013 Levanjska Varo\u0161<\/option><option value=\"Karmeli\u0107anke \u2013 Marija Bistrica\" >Karmeli\u0107anke \u2013 Marija Bistrica<\/option><option value=\"Karmeli\u0107anke - Gospi\u0107\" >Karmeli\u0107anke - Gospi\u0107<\/option><option value=\"Klarise \u2013 Po\u017eega\" >Klarise \u2013 Po\u017eega<\/option><option value=\"Klarise \u2013 Split\" >Klarise \u2013 Split<\/option><option value=\"Klarise \u2013 Zagreb\" >Klarise \u2013 Zagreb<\/option><option value=\"Sestre Pohoda Marijina\" >Sestre Pohoda Marijina<\/option><option value=\"K\u0107eri Srca Isusova - Lasinja\" >K\u0107eri Srca Isusova - Lasinja<\/option><option value=\"OP\" >Hrvatska dominikanska provincija navje\u0161tenja BDM<\/option><option value=\"OFM_ST\" >Franjeva\u010dka provincija Presvetog Otkupitelja, Split<\/option><option value=\"OFM_ZD\" >Franjeva\u010dka kustodija sv. Jeronima u Dalmaciji i Istri, Zadar<\/option><option value=\"OFM_ZG\" >Hrvatska franjeva\u010dka provincija sv. \u0106irila i Metoda, Zagreb<\/option><option value=\"OFMCap\" >Hrvatska kapucinska provincija sv. Leopolda Bogdana Mandi\u0107a<\/option><option value=\"OFMConv\" >Hrvatska provincija sv. Jeronima franjevaca konventualaca<\/option><option value=\"TOR\" >Provincija franjevaca tre\u0107oredaca glagolja\u0161a<\/option><option value=\"SJ\" >Hrvatska pokrajina Dru\u017ebe Isusove<\/option><option value=\"OCD\" >Hrvatska karmelska provincija sv. oca Josipa<\/option><option value=\"SDB\" >Hrvatska salezijanska provincija sv. Ivana Bosca<\/option><option value=\"CSSp\" >Dru\u017eba Duha Svetoga<\/option><option value=\"SCJ\" >Dru\u017eba sve\u0107enika Srca Isusova, dehonijanci<\/option><option value=\"OFM_SA\" >Franjeva\u010dka provincija Bosna Srebrena<\/option><option value=\"OFM_MO\" >Franjeva\u010dki samostan Hercegova\u010dke provincije, Zagreb<\/option><option value=\"Isusova mala bra\u0107a\" >Isusova mala bra\u0107a<\/option><option value=\"CM\" >Misijska dru\u017eba sv. Vinka Paulskog, lazaristi<\/option><option value=\"SVD\" >Dru\u017eba Bo\u017eje rije\u010di, verbiti, Distrikt Hrvatska<\/option><option value=\"CPPS\" >Dru\u017eba Misionara Krvi Kristove, Hrvatska delegatura<\/option><option value=\"SMM\" >Monfortanci (Marijini misionari)<\/option><option value=\"SAC\" >Dru\u017eba katoli\u010dkog apostolata, palotinci, hrvatska delegatura<\/option><option value=\"CFIC\" >Sinovi Bezgrje\u0161nog Za\u010de\u0107a<\/option><option value=\"OSB\" >Benediktinski priorat \u0106okovac<\/option><option value=\"OSPPE\" >Hrvatska pavlinska provincija<\/option><\/select><\/div><div id=\"wpforms-146-field_5-container\" class=\"wpforms-field wpforms-field-name\" data-field-id=\"5\"><label class=\"wpforms-field-label\" for=\"wpforms-146-field_5\">Ime i prezime zavjetovanika\/ice: <span class=\"wpforms-required-label\" aria-hidden=\"true\">*<\/span><\/label><input type=\"text\" id=\"wpforms-146-field_5\" class=\"wpforms-field-medium wpforms-field-required\" name=\"wpforms[fields][5]\" aria-errormessage=\"wpforms-146-field_5-error\" required><\/div><div id=\"wpforms-146-field_13-container\" class=\"wpforms-field wpforms-field-text\" data-field-id=\"13\"><label class=\"wpforms-field-label\" for=\"wpforms-146-field_13\">\u017dupa u kojoj je zavjetovanik\/ica ro\u0111en\/kr\u0161ten: <span class=\"wpforms-required-label\" aria-hidden=\"true\">*<\/span><\/label><input type=\"text\" id=\"wpforms-146-field_13\" class=\"wpforms-field-medium wpforms-field-required\" name=\"wpforms[fields][13]\" value=\"\u017dupa \" aria-errormessage=\"wpforms-146-field_13-error\" aria-describedby=\"wpforms-146-field_13-description\" required><div id=\"wpforms-146-field_13-description\" class=\"wpforms-field-description\">NAPOMENA: Upisati na na\u010din, npr.: \u017dupa sv. Antuna, Zagreb<\/div><\/div><div id=\"wpforms-146-field_21-container\" class=\"wpforms-field wpforms-field-select wpforms-field-select-style-classic\" data-field-id=\"21\"><label class=\"wpforms-field-label\" for=\"wpforms-146-field_21\">(Nad)biskupija (u Hrvatskoj ili BiH) kojoj pripada navedena \u017eupa:<\/label><select id=\"wpforms-146-field_21\" class=\"wpforms-field-medium\" name=\"wpforms[fields][21]\"><option value=\"\" class=\"placeholder\" disabled  selected='selected'>Odaberite<\/option><option value=\"Banjalu\u010dka biskupija\" >Banjalu\u010dka biskupija<\/option><option value=\"Bjelovarsko-kri\u017eeva\u010dka biskupija\" >Bjelovarsko-kri\u017eeva\u010dka biskupija<\/option><option value=\"Dubrova\u010dka biskupija\" >Dubrova\u010dka biskupija<\/option><option value=\"\u0110akova\u010dko-osje\u010dka nadbiskupija\" >\u0110akova\u010dko-osje\u010dka nadbiskupija<\/option><option value=\"Gospi\u0107ko-senjska biskupija\" >Gospi\u0107ko-senjska biskupija<\/option><option value=\"Hvarska biskupija\" >Hvarska biskupija<\/option><option value=\"Kr\u010dka biskupija\" >Kr\u010dka biskupija<\/option><option value=\"Kri\u017eeva\u010dka eparhija - grkokatoli\u010dka\" >Kri\u017eeva\u010dka eparhija - grkokatoli\u010dka<\/option><option value=\"Mostarsko-duvanjska biskupija\" >Mostarsko-duvanjska biskupija<\/option><option value=\"Pore\u010dka i Pulska biskupija\" >Pore\u010dka i Pulska biskupija<\/option><option value=\"Po\u017ee\u0161ka biskupija\" >Po\u017ee\u0161ka biskupija<\/option><option value=\"Rije\u010dka nadbiskupija\" >Rije\u010dka nadbiskupija<\/option><option value=\"Sisa\u010dka biskupija\" >Sisa\u010dka biskupija<\/option><option value=\"Splitsko-makarska nadbiskupija\" >Splitsko-makarska nadbiskupija<\/option><option value=\"\u0160ibenska biskupija\" >\u0160ibenska biskupija<\/option><option value=\"Trebinjsko-mrkanska biskupija\" >Trebinjsko-mrkanska biskupija<\/option><option value=\"Vara\u017edinska biskupija\" >Vara\u017edinska biskupija<\/option><option value=\"Vojna biskupija\" >Vojna biskupija<\/option><option value=\"Vrhbosanska nadbiskupija\" >Vrhbosanska nadbiskupija<\/option><option value=\"Zadarska nadbiskupija\" >Zadarska nadbiskupija<\/option><option value=\"Zagreba\u010dka nadbiskupija\" >Zagreba\u010dka nadbiskupija<\/option><\/select><\/div><div id=\"wpforms-146-field_14-container\" class=\"wpforms-field wpforms-field-text\" data-field-id=\"14\"><label class=\"wpforms-field-label\" for=\"wpforms-146-field_14\">(Nad)biskupija (izvan Hrvatske ili BiH) kojoj pripada navedena \u017eupa:<\/label><input type=\"text\" id=\"wpforms-146-field_14\" class=\"wpforms-field-medium\" name=\"wpforms[fields][14]\" aria-errormessage=\"wpforms-146-field_14-error\" ><\/div><div id=\"wpforms-146-field_18-container\" class=\"wpforms-field wpforms-field-layout\" data-field-id=\"18\"><div class=\"wpforms-field-layout-rows wpforms-field-large\"><div class=\"wpforms-layout-row\"><div class=\"wpforms-layout-column wpforms-layout-column-50\"><div id=\"wpforms-146-field_15-container\" class=\"wpforms-field wpforms-field-date-time\" data-field-id=\"15\"><label class=\"wpforms-field-label\" for=\"wpforms-146-field_15\">Datum do\u017eivotnih (sve\u010danih) zavjeta: <span class=\"wpforms-required-label\" aria-hidden=\"true\">*<\/span><\/label><div class=\"wpforms-datepicker-wrap\"><input type=\"text\" id=\"wpforms-146-field_15\" class=\"wpforms-field-date-time-date wpforms-datepicker wpforms-field-required wpforms-field-small\" data-date-format=\"d\/m\/Y\" data-disable-past-dates=\"0\" data-input=\"true\" name=\"wpforms[fields][15][date]\" aria-errormessage=\"wpforms-146-field_15-error\" required><a title=\"Clear Date\" data-clear class=\"wpforms-datepicker-clear\" style=\"display:none;\"><\/a><\/div><\/div><\/div><div class=\"wpforms-layout-column wpforms-layout-column-50\"><div id=\"wpforms-146-field_16-container\" class=\"wpforms-field wpforms-field-text\" data-field-id=\"16\"><label class=\"wpforms-field-label\" for=\"wpforms-146-field_16\">Mjesto do\u017eivotnih (sve\u010danih) zavjeta: <span class=\"wpforms-required-label\" aria-hidden=\"true\">*<\/span><\/label><input type=\"text\" id=\"wpforms-146-field_16\" class=\"wpforms-field-small wpforms-field-required\" name=\"wpforms[fields][16]\" aria-errormessage=\"wpforms-146-field_16-error\" required><\/div><\/div><\/div><\/div><\/div><div id=\"wpforms-146-field_19-container\" class=\"wpforms-field wpforms-field-layout\" data-field-id=\"19\"><div class=\"wpforms-field-layout-rows wpforms-field-large\"><div class=\"wpforms-layout-row\"><div class=\"wpforms-layout-column wpforms-layout-column-50\"><div id=\"wpforms-146-field_17-container\" class=\"wpforms-field wpforms-field-file-upload\" data-field-id=\"17\"><label class=\"wpforms-field-label\" for=\"wpforms-146-field_17\">Fotografija <span class=\"wpforms-required-label\" aria-hidden=\"true\">*<\/span><\/label><input type=\"file\" id=\"wpforms-146-field_17\" class=\"wpforms-field-required\" data-rule-extension=\"jpg,jpeg,jpe,gif,png,bmp,tiff,tif,webp,avif,ico,heic,heif,heics,heifs,asf,asx,wmv,wmx,wm,avi,divx,mov,qt,mpeg,mpg,mpe,mp4,m4v,ogv,webm,mkv,3gp,3gpp,3g2,3gp2,txt,asc,c,cc,h,srt,csv,tsv,ics,rtx,css,vtt,mp3,m4a,m4b,aac,ra,ram,wav,x-wav,ogg,oga,flac,mid,midi,wma,wax,mka,rtf,pdf,class,tar,zip,gz,gzip,rar,7z,psd,xcf,doc,pot,pps,ppt,wri,xla,xls,xlt,xlw,mpp,docx,docm,dotx,dotm,xlsx,xlsm,xlsb,xltx,xltm,xlam,pptx,pptm,ppsx,ppsm,potx,potm,ppam,sldx,sldm,onetoc,onetoc2,onepkg,oxps,xps,odt,odp,ods,odg,odc,odb,odf,wp,wpd,key,numbers,pages\" data-rule-maxsize=\"134217728\" name=\"wpforms_146_17\" accept=\".jpg,.jpeg,.jpe,.gif,.png,.bmp,.tiff,.tif,.webp,.avif,.ico,.heic,.heif,.heics,.heifs,.asf,.asx,.wmv,.wmx,.wm,.avi,.divx,.mov,.qt,.mpeg,.mpg,.mpe,.mp4,.m4v,.ogv,.webm,.mkv,.3gp,.3gpp,.3g2,.3gp2,.txt,.asc,.c,.cc,.h,.srt,.csv,.tsv,.ics,.rtx,.css,.vtt,.mp3,.m4a,.m4b,.aac,.ra,.ram,.wav,.x-wav,.ogg,.oga,.flac,.mid,.midi,.wma,.wax,.mka,.rtf,.pdf,.class,.tar,.zip,.gz,.gzip,.rar,.7z,.psd,.xcf,.doc,.pot,.pps,.ppt,.wri,.xla,.xls,.xlt,.xlw,.mpp,.docx,.docm,.dotx,.dotm,.xlsx,.xlsm,.xlsb,.xltx,.xltm,.xlam,.pptx,.pptm,.ppsx,.ppsm,.potx,.potm,.ppam,.sldx,.sldm,.onetoc,.onetoc2,.onepkg,.oxps,.xps,.odt,.odp,.ods,.odg,.odc,.odb,.odf,.wp,.wpd,.key,.numbers,.pages\" aria-errormessage=\"wpforms-146-field_17-error\" aria-describedby=\"wpforms-146-field_17-description\" required><div id=\"wpforms-146-field_17-description\" class=\"wpforms-field-description\">Prije u\u010ditavanja fotografije predla\u017eemo da naziv datoteke (fotografije) nazovete imenom i prezimenom, npr.: <strong>Ivana Horvat<\/strong>.jpeg<br\/><br\/>\r\n\r\nKliknite na <strong>Odaberi datoteku<\/strong> i u\u010ditajte fotografiju s ra\u010dunala ili iz mobitela. \r\n<br\/><br\/>\r\nFotografija neka je u kvalitetnoj rezoluciji i formatima za slike (.jpg, jpeg ili .png)<\/div><\/div><\/div><div class=\"wpforms-layout-column wpforms-layout-column-50\"><div id=\"wpforms-146-field_20-container\" class=\"wpforms-field wpforms-field-content\" data-field-id=\"20\"><div id=\"wpforms-146-field_20\" class=\"wpforms-field-medium wpforms-field-row\" aria-errormessage=\"wpforms-146-field_20-error\"><p>Primjer kako treba izgledati fotografija<\/p>\n<p><img decoding=\"async\" height=\"292\" width=\"300\" alt=\"\" src=\"https:\/\/redovnistvo.org\/wp-content\/uploads\/2025\/11\/generated_image-1-kopija-300x292.png\" class=\"alignnone size-medium wp-image-159\" srcset=\"https:\/\/redovnistvo.org\/wp-content\/uploads\/2025\/11\/generated_image-1-kopija-300x292.png 300w, https:\/\/redovnistvo.org\/wp-content\/uploads\/2025\/11\/generated_image-1-kopija.png 500w\" sizes=\"(max-width: 300px) 100vw, 300px\" \/><\/p>\n<div class=\"wpforms-field-content-display-frontend-clear\"><\/div><\/div><\/div><\/div><\/div><\/div><\/div><\/div><!-- .wpforms-field-container --><div class=\"wpforms-recaptcha-container wpforms-is-recaptcha wpforms-is-recaptcha-type-v3\" ><input type=\"hidden\" name=\"wpforms[recaptcha]\" value=\"\"><\/div><div class=\"wpforms-submit-container\" ><input type=\"hidden\" name=\"wpforms[id]\" value=\"146\"><input type=\"hidden\" name=\"page_title\" value=\"\"><input type=\"hidden\" name=\"page_url\" value=\"https:\/\/redovnistvo.org\/index.php?rest_route=%2Fwp%2Fv2%2Fpages%2F151\"><button type=\"submit\" name=\"wpforms[submit]\" id=\"wpforms-submit-146\" class=\"wpforms-submit\" data-alt-text=\"\u0160aljem...\" data-submit-text=\"Slanje prijave\" aria-live=\"assertive\" value=\"wpforms-submit\">Slanje prijave<\/button><img decoding=\"async\" src=\"https:\/\/redovnistvo.org\/wp-content\/plugins\/wpforms\/assets\/images\/submit-spin.svg\" class=\"wpforms-submit-spinner\" style=\"display: none;\" width=\"26\" height=\"26\" alt=\"Loading\"><\/div><\/form><\/div>  <!-- .wpforms-container -->\t\t\t\t<\/div>\n\t\t\t\t<\/div>\n\t\t\t\t\t<\/div>\n\t\t\t\t<\/div>\n\t\t\t\t<\/div>\n\t\t","protected":false},"excerpt":{"rendered":"<p>Podatci o do\u017eivotno (sve\u010dano) zavjetovanim \u010dlanovima (2025.) Prijavni obrazac se \u0161alje po jedan za svakog \u010dlana\/icu koji su polo\u017eili do\u017eivotne (sve\u010dane) zavjete u 2025. godini. Ako va\u0161a zajednica ima vi\u0161e do\u017eivotno (sve\u010dano) zavjetovanih \u010dlanova u 2025. godini, nakon slanja obrasca KLIKNITE OVDJE i po\u0161aljite obrazac za sljede\u0107eg \u010dlana, itd. Nakon \u0161to ispunite i po\u0161aljete obrazac [&hellip;]<\/p>\n","protected":false},"author":1,"featured_media":0,"parent":0,"menu_order":0,"comment_status":"closed","ping_status":"closed","template":"elementor_canvas","meta":{"footnotes":""},"class_list":["post-151","page","type-page","status-publish","hentry"],"_links":{"self":[{"href":"https:\/\/redovnistvo.org\/index.php?rest_route=\/wp\/v2\/pages\/151","targetHints":{"allow":["GET"]}}],"collection":[{"href":"https:\/\/redovnistvo.org\/index.php?rest_route=\/wp\/v2\/pages"}],"about":[{"href":"https:\/\/redovnistvo.org\/index.php?rest_route=\/wp\/v2\/types\/page"}],"author":[{"embeddable":true,"href":"https:\/\/redovnistvo.org\/index.php?rest_route=\/wp\/v2\/users\/1"}],"replies":[{"embeddable":true,"href":"https:\/\/redovnistvo.org\/index.php?rest_route=%2Fwp%2Fv2%2Fcomments&post=151"}],"version-history":[{"count":16,"href":"https:\/\/redovnistvo.org\/index.php?rest_route=\/wp\/v2\/pages\/151\/revisions"}],"predecessor-version":[{"id":195,"href":"https:\/\/redovnistvo.org\/index.php?rest_route=\/wp\/v2\/pages\/151\/revisions\/195"}],"wp:attachment":[{"href":"https:\/\/redovnistvo.org\/index.php?rest_route=%2Fwp%2Fv2%2Fmedia&parent=151"}],"curies":[{"name":"wp","href":"https:\/\/api.w.org\/{rel}","templated":true}]}}